{"id":8646,"date":"2020-03-17T13:45:26","date_gmt":"2020-03-17T13:45:26","guid":{"rendered":"http:\/\/www.flextrade.net\/?page_id=8646"},"modified":"2020-08-31T17:49:04","modified_gmt":"2020-08-31T17:49:04","slug":"servicios-y-covid-19","status":"publish","type":"page","link":"https:\/\/www.flextrade.net\/?page_id=8646","title":{"rendered":"Servicios y Covid-19"},"content":{"rendered":"<p>Estimados Clientes:<\/p>\n<p>Hemos permanecido abiertos para continuar dando servicio a la poblaci\u00f3n, durante la situaci\u00f3n de <em>Estado de Alerta Nacional<\/em>. Los establecimientos comerciales minoristas de\u00a0equipos tecnol\u00f3gicos y de telecomunicaciones, han sido considerados como<strong>\u00a0proveedores de bienes y servicios de primera necesidad<\/strong>. Por ello, hemos definido un protocolo de actuaci\u00f3n segura\u00a0acotando zonas y tomando medidas de higiene adecuadas, con el fin de continuar desarrollando nuestra atenci\u00f3n comercial y asistencia t\u00e9cnica. De este modo contribuimos a paliar las dificultades que puedan generarse en nuestro \u00e1mbito de actuaci\u00f3n durante este dif\u00edcil per\u00edodo. Seg\u00fan lo descrito en el <a href=\"https:\/\/www.boe.es\/boe\/dias\/2020\/03\/14\/pdfs\/BOE-A-2020-3692.pdf\" target=\"_blank\" rel=\"noopener\">Real Decreto 463\/2020<\/a>, en su art\u00edculo 10, punto 1, y en el art\u00edculo 7 , punto 1 a, quedan exceptuados los establecimientos de esta actividad, de la limitaci\u00f3n de la libertad de circulaci\u00f3n de las personas. <strong>En consecuencia, est\u00e1 permitido desplazarse a nuestro establecimiento para la obtenci\u00f3n de productos y servicios de primera necesidad<\/strong>.<\/p>\n<p>Tras el per\u00edodo de Alerta Nacional, continuamos manteniendo medidas espec\u00edficas de protecci\u00f3n contra el COVID-19 adaptadas a las circunstancias de cada momento.<\/p>\n<p>Atentamente<br \/>\nFlextrade, SLU<\/p>\n","protected":false},"excerpt":{"rendered":"<p>Estimados Clientes: Hemos permanecido abiertos para continuar dando servicio a la poblaci\u00f3n, durante la situaci\u00f3n de Estado de Alerta Nacional. Los establecimientos comerciales minoristas de\u00a0equipos tecnol\u00f3gicos y de telecomunicaciones, han sido considerados como\u00a0proveedores de bienes y servicios de primera necesidad. Por ello, hemos definido un protocolo de actuaci\u00f3n segura\u00a0acotando zonas y tomando medidas de higiene [&hellip;]<\/p>\n","protected":false},"author":1,"featured_media":0,"parent":0,"menu_order":0,"comment_status":"closed","ping_status":"closed","template":"page.php","meta":{"footnotes":""},"class_list":["post-8646","page","type-page","status-publish","hentry"],"_links":{"self":[{"href":"https:\/\/www.flextrade.net\/index.php?rest_route=\/wp\/v2\/pages\/8646","targetHints":{"allow":["GET"]}}],"collection":[{"href":"https:\/\/www.flextrade.net\/index.php?rest_route=\/wp\/v2\/pages"}],"about":[{"href":"https:\/\/www.flextrade.net\/index.php?rest_route=\/wp\/v2\/types\/page"}],"author":[{"embeddable":true,"href":"https:\/\/www.flextrade.net\/index.php?rest_route=\/wp\/v2\/users\/1"}],"replies":[{"embeddable":true,"href":"https:\/\/www.flextrade.net\/index.php?rest_route=%2Fwp%2Fv2%2Fcomments&post=8646"}],"version-history":[{"count":8,"href":"https:\/\/www.flextrade.net\/index.php?rest_route=\/wp\/v2\/pages\/8646\/revisions"}],"predecessor-version":[{"id":8670,"href":"https:\/\/www.flextrade.net\/index.php?rest_route=\/wp\/v2\/pages\/8646\/revisions\/8670"}],"wp:attachment":[{"href":"https:\/\/www.flextrade.net\/index.php?rest_route=%2Fwp%2Fv2%2Fmedia&parent=8646"}],"curies":[{"name":"wp","href":"https:\/\/api.w.org\/{rel}","templated":true}]}}